st common factor of 535 and 5?
5
Calculate the greatest common factor of 204 and 714.
102
What is the greatest common divisor of 75 and 125?
25
Calculate the highest common divisor of 22016 and 1032.
344
Calculate the greatest common factor of 374 and 1530.
34
Calculate the highest common divisor of 234 and 234.
234
What is the greatest common factor of 48416 and 68?
68
What is the greatest common factor of 207 and 27?
9
What is the highest common factor of 6028 and 88?
44
Calculate the highest common factor of 76 and 209.
19
What is the highest common divisor of 1798 and 87?
29
Calculate the greatest common divisor of 1200 and 225.
75
What is the greatest common factor of 3128 and 408?
136
What is the highest common factor of 583 and 1034?
11
What is the highest common divisor of 4000 and 10?
10
What is the greatest common divisor of 420 and 1215?
15
Calculate the greatest common divisor of 299 and 23.
23
What is the greatest common divisor of 980 and 49?
49
What is the highest common divisor of 4 and 27?
1
What is the highest common divisor of 289 and 459?
17
What is the highest common factor of 553 and 49?
7
What is the greatest common factor of 338 and 1859?
169
What is the greatest common factor of 6235 and 29?
29
Calculate the greatest common factor of 96603 and 39.
39
Calculate the highest common factor of 79 and 553.
79
What is the greatest common divisor of 6350 and 450?
50
What is the greatest common factor of 2368 and 259?
37
Calculate the greatest common factor of 4536 and 21.
21
What is the highest common factor of 28 and 2086?
14
Calculate the greatest common divisor of 43 and 21.
1
Calculate the highest common factor of 1 and 1013.
1
Calculate the greatest common divisor of 108 and 12.
12
Calculate the highest common divisor of 6437 and 369.
41
What is the greatest common divisor of 2592 and 160?
32
What is the highest common factor of 18 and 1494?
18
What is the greatest common factor of 1041 and 3?
3
Calculate the highest common factor of 87 and 58.
29
What is the greatest common factor of 1 and 3394?
1
Calculate the greatest common divisor of 22 and 506.
22
What is the greatest common divisor of 59 and 2?
1
Calculate the greatest common factor of 99 and 132.
33
Calculate the greatest common factor of 2465 and 85.
85
Calculate the greatest common divisor of 132 and 1968.
12
What is the greatest common factor of 12 and 66?
6
What is the greatest common factor of 2 and 206?
2
What is the greatest common factor of 64 and 832?
64
Calculate the highest common divisor of 68 and 8.
4
Calculate the highest common divisor of 255 and 105.
15
Calculate the highest common factor of 2093 and 182.
91
What is the greatest common divisor of 96 and 1760?
32
What is the greatest common divisor of 14 and 147?
7
Calculate the greatest common divisor of 96 and 8.
8
What is the highest common factor of 235 and 47?
47
What is the highest common divisor of 18 and 3474?
18
What is the highest common factor of 60624 and 16?
16
What is the highest common factor of 172 and 48?
4
What is the highest common divisor of 9 and 6?
3
What is the greatest common factor of 10 and 310?
10
What is the greatest common factor of 2 and 8?
2
What is the highest common factor of 14 and 112?
14
Calculate the highest common factor of 2808 and 12.
12
Calculate the greatest common divisor of 58 and 4582.
58
Calculate the greatest common divisor of 2 and 194.
2
What is the highest common divisor of 2259 and 1004?
251
Calculate the highest common factor of 5320 and 126.
14
Calculate the greatest common divisor of 1495 and 276.
23
Calculate the highest common divisor of 961 and 124.
31
Calculate the highest common divisor of 9 and 3177.
9
What is the greatest common factor of 3240 and 225?
45
Calculate the greatest common factor of 209 and 152.
19
What is the greatest common divisor of 14 and 28?
14
Calculate the greatest common factor of 56 and 98.
14
What is the highest common factor of 110 and 620?
10
Calculate the highest common divisor of 273 and 84.
21
What is the highest common factor of 77 and 1001?
77
What is the greatest common divisor of 432 and 837?
27
Calculate the highest common factor of 112 and 2800.
112
What is the greatest common factor of 51 and 20587?
17
What is the greatest common divisor of 2650 and 25?
25
Calculate the greatest common divisor of 305 and 732.
61
What is the greatest common divisor of 1188 and 24?
12
What is the greatest common factor of 504 and 1428?
84
What is the highest common divisor of 25 and 2250?
25
What is the greatest common factor of 226 and 3616?
226
What is the greatest common factor of 1160 and 40?
40
What is the highest common factor of 730 and 10?
10
What is the highest common divisor of 4277 and 117?
13
Calculate the highest common divisor of 133 and 361.
19
What is the greatest common factor of 14 and 8624?
14
Calculate the highest common divisor of 56 and 2828.
28
What is the greatest common divisor of 2254 and 686?
98
What is the greatest common divisor of 1162 and 14?
14
Calculate the highest common divisor of 75 and 255.
15
What is the highest common factor of 28 and 8876?
28
What is the highest common factor of 32 and 80?
16
What is the greatest common divisor of 1517 and 1110?
37
What is the highest common factor of 300 and 1152?
12
Calculate the greatest common factor of 177 and 48.
3
Calculate the highest common factor of 216 and 135.
27
Calculate the greatest common factor of 6 and 54.
6
Calculate the highest common factor of 153 and 99.
9
Calculate the greatest common divisor of 2091 and 204.
51
Calculate the greatest common factor of 31 and 1333.
31
Calculate the greatest common divisor of 403 and 1643.
31
What is the greatest common divisor of 325 and 26?
13
Calculate the greatest common divisor of 1472 and 112.
16
Calculate the greatest common factor of 258 and 172.
86
Calculate the highest common factor of 676 and 52.
52
What is the highest common factor of 31521 and 21?
21
What is the greatest common divisor of 4692 and 2652?
204
Calculate the highest common factor of 90 and 3840.
30
What is the greatest common factor of 145 and 55?
5
Calculate the greatest common divisor of 96 and 12.
12
Calculate the greatest common factor of 621 and 345.
69
Calculate the greatest common factor of 55 and 11.
11
What is the highest common divisor of 3512 and 8?
8
Calculate the highest common factor of 18 and 72.
18
Calculate the greatest common divisor of 843 and 9835.
281
Calculate the highest common divisor of 12 and 3288.
12
Calculate the highest common divisor of 568 and 8.
8
What is the greatest common divisor of 169 and 1768?
13
What is the highest common divisor of 294 and 1078?
98
Calculate the highest common factor of 188 and 47.
47
What is the highest common divisor of 536 and 104?
8
Calculate the highest common divisor of 150 and 18.
6
Calculate the greatest common factor of 3885 and 165.
15
What is the greatest common divisor of 4920 and 12?
12
Calculate the highest common factor of 72 and 63.
9
What is the greatest common divisor of 1692 and 1316?
188
What is the greatest common divisor of 117 and 91?
13
Calculate the highest common factor of 2680 and 680.
40
Calculate the highest common divisor of 411 and 8083.
137
What is the highest common factor of 56 and 84?
28
What is the highest common factor of 21 and 1785?
21
Calculate the greatest common divisor of 3110 and 10.
10
What is the highest common divisor of 658 and 611?
47
Calculate the greatest common divisor of 88 and 242.
22
Calculate the highest common factor of 495 and 45.
45
What is the highest common divisor of 28 and 84?
28
What is the greatest common factor of 69 and 1081?
23
What is the highest common divisor of 8 and 2924?
4
What is the greatest common factor of 160 and 25?
5
What is the greatest common factor of 215 and 100?
5
What is the highest common divisor of 161 and 92?
23
What is the highest common divisor of 39 and 28431?
39
What is the highest common factor of 1450 and 550?
50
Calculate the highest common divisor of 366 and 14823.
183
Calculate the highest common factor of 258 and 30831.
129
Calculate the greatest common divisor of 76 and 21052.
76
Calculate the greatest common factor of 28 and 2156.
28
What is the highest common 